
{"id":1625,"date":"2026-01-12T13:09:44","date_gmt":"2026-01-12T16:09:44","guid":{"rendered":"https:\/\/derechoyreligion-uc.urantiacos.cl\/recurso\/decree-657-exento-modifies-decree-no-1221-exento-of-2018-which-revokes-the-official-recognition-of-the-instituto-catequistico-universidad-catolica-professional-institute\/"},"modified":"2026-01-12T13:09:44","modified_gmt":"2026-01-12T16:09:44","slug":"decree-657-exento-modifies-decree-no-1221-exento-of-2018-which-revokes-the-official-recognition-of-the-instituto-catequistico-universidad-catolica-professional-institute","status":"publish","type":"recurso","link":"https:\/\/derechoyreligion-uc.urantiacos.cl\/en\/recurso\/decree-657-exento-modifies-decree-no-1221-exento-of-2018-which-revokes-the-official-recognition-of-the-instituto-catequistico-universidad-catolica-professional-institute\/","title":{"rendered":"Decree 657 EXENTO Modifies decree No. 1,221 EXENTO, of 2018, which revokes the official recognition of the Instituto Catequ\u00edstico Universidad Cat\u00f3lica professional institute."},"content":{"rendered":"","protected":false},"featured_media":0,"template":"","meta":{"_acf_changed":false},"clase-de-norma":[102,101],"materia":[103,95],"organo":[104],"pais":[98],"submateria":[],"tipo":[99],"zona":[100],"class_list":["post-1625","recurso","type-recurso","status-publish","hentry","clase-de-norma-exempt-decree","clase-de-norma-other","materia-fundamental-rights-related-to-religious-freedom","materia-secularism-or-institutional-relationship-of-the-state-with-religious-organizations","organo-executive-branch","pais-chile","tipo-regulations","zona-chile"],"acf":[],"yoast_head":"<!-- This site is optimized with the Yoast SEO plugin v27.1.1 - https:\/\/yoast.com\/product\/yoast-seo-wordpress\/ -->\n<title>Decree 657 EXENTO Modifies decree No. 1,221 EXENTO, of 2018, which revokes the official recognition of the Instituto Catequ\u00edstico Universidad Cat\u00f3lica professional institute. - Centro UC Derecho y Religi\u00f3n<\/title>\n<meta name=\"robots\" content=\"index, follow, max-snippet:-1, max-image-preview:large, max-video-preview:-1\" \/>\n<link rel=\"canonical\" href=\"https:\/\/derechoyreligion-uc.urantiacos.cl\/en\/recurso\/decree-657-exento-modifies-decree-no-1221-exento-of-2018-which-revokes-the-official-recognition-of-the-instituto-catequistico-universidad-catolica-professional-institute\/\" \/>\n<meta property=\"og:locale\" content=\"en_US\" \/>\n<meta property=\"og:type\" content=\"article\" \/>\n<meta property=\"og:title\" content=\"Decree 657 EXENTO Modifies decree No. 1,221 EXENTO, of 2018, which revokes the official recognition of the Instituto Catequ\u00edstico Universidad Cat\u00f3lica professional institute. - Centro UC Derecho y Religi\u00f3n\" \/>\n<meta property=\"og:url\" content=\"https:\/\/derechoyreligion-uc.urantiacos.cl\/en\/recurso\/decree-657-exento-modifies-decree-no-1221-exento-of-2018-which-revokes-the-official-recognition-of-the-instituto-catequistico-universidad-catolica-professional-institute\/\" \/>\n<meta property=\"og:site_name\" content=\"Centro UC Derecho y Religi\u00f3n\" \/>\n<meta name=\"twitter:card\" content=\"summary_large_image\" \/>\n<script type=\"application\/ld+json\" class=\"yoast-schema-graph\">{\"@context\":\"https:\/\/schema.org\",\"@graph\":[{\"@type\":\"WebPage\",\"@id\":\"https:\/\/derechoyreligion-uc.urantiacos.cl\/en\/recurso\/decree-657-exento-modifies-decree-no-1221-exento-of-2018-which-revokes-the-official-recognition-of-the-instituto-catequistico-universidad-catolica-professional-institute\/\",\"url\":\"https:\/\/derechoyreligion-uc.urantiacos.cl\/en\/recurso\/decree-657-exento-modifies-decree-no-1221-exento-of-2018-which-revokes-the-official-recognition-of-the-instituto-catequistico-universidad-catolica-professional-institute\/\",\"name\":\"Decree 657 EXENTO Modifies decree No. 1,221 EXENTO, of 2018, which revokes the official recognition of the Instituto Catequ\u00edstico Universidad Cat\u00f3lica professional institute. - Centro UC Derecho y Religi\u00f3n\",\"isPartOf\":{\"@id\":\"https:\/\/derechoyreligion-uc.urantiacos.cl\/en\/#website\"},\"datePublished\":\"2026-01-12T16:09:44+00:00\",\"breadcrumb\":{\"@id\":\"https:\/\/derechoyreligion-uc.urantiacos.cl\/en\/recurso\/decree-657-exento-modifies-decree-no-1221-exento-of-2018-which-revokes-the-official-recognition-of-the-instituto-catequistico-universidad-catolica-professional-institute\/#breadcrumb\"},\"inLanguage\":\"en-US\",\"potentialAction\":[{\"@type\":\"ReadAction\",\"target\":[\"https:\/\/derechoyreligion-uc.urantiacos.cl\/en\/recurso\/decree-657-exento-modifies-decree-no-1221-exento-of-2018-which-revokes-the-official-recognition-of-the-instituto-catequistico-universidad-catolica-professional-institute\/\"]}]},{\"@type\":\"BreadcrumbList\",\"@id\":\"https:\/\/derechoyreligion-uc.urantiacos.cl\/en\/recurso\/decree-657-exento-modifies-decree-no-1221-exento-of-2018-which-revokes-the-official-recognition-of-the-instituto-catequistico-universidad-catolica-professional-institute\/#breadcrumb\",\"itemListElement\":[{\"@type\":\"ListItem\",\"position\":1,\"name\":\"Portada\",\"item\":\"https:\/\/derechoyreligion-uc.urantiacos.cl\/en\/\"},{\"@type\":\"ListItem\",\"position\":2,\"name\":\"Decree 657 EXENTO Modifies decree No. 1,221 EXENTO, of 2018, which revokes the official recognition of the Instituto Catequ\u00edstico Universidad Cat\u00f3lica professional institute.\"}]},{\"@type\":\"WebSite\",\"@id\":\"https:\/\/derechoyreligion-uc.urantiacos.cl\/en\/#website\",\"url\":\"https:\/\/derechoyreligion-uc.urantiacos.cl\/en\/\",\"name\":\"Centro UC Derecho y Religi\u00f3n\",\"description\":\"\",\"potentialAction\":[{\"@type\":\"SearchAction\",\"target\":{\"@type\":\"EntryPoint\",\"urlTemplate\":\"https:\/\/derechoyreligion-uc.urantiacos.cl\/en\/?s={search_term_string}\"},\"query-input\":{\"@type\":\"PropertyValueSpecification\",\"valueRequired\":true,\"valueName\":\"search_term_string\"}}],\"inLanguage\":\"en-US\"}]}<\/script>\n<!-- \/ Yoast SEO plugin. -->","yoast_head_json":{"title":"Decree 657 EXENTO Modifies decree No. 1,221 EXENTO, of 2018, which revokes the official recognition of the Instituto Catequ\u00edstico Universidad Cat\u00f3lica professional institute. - Centro UC Derecho y Religi\u00f3n","robots":{"index":"index","follow":"follow","max-snippet":"max-snippet:-1","max-image-preview":"max-image-preview:large","max-video-preview":"max-video-preview:-1"},"canonical":"https:\/\/derechoyreligion-uc.urantiacos.cl\/en\/recurso\/decree-657-exento-modifies-decree-no-1221-exento-of-2018-which-revokes-the-official-recognition-of-the-instituto-catequistico-universidad-catolica-professional-institute\/","og_locale":"en_US","og_type":"article","og_title":"Decree 657 EXENTO Modifies decree No. 1,221 EXENTO, of 2018, which revokes the official recognition of the Instituto Catequ\u00edstico Universidad Cat\u00f3lica professional institute. - Centro UC Derecho y Religi\u00f3n","og_url":"https:\/\/derechoyreligion-uc.urantiacos.cl\/en\/recurso\/decree-657-exento-modifies-decree-no-1221-exento-of-2018-which-revokes-the-official-recognition-of-the-instituto-catequistico-universidad-catolica-professional-institute\/","og_site_name":"Centro UC Derecho y Religi\u00f3n","twitter_card":"summary_large_image","schema":{"@context":"https:\/\/schema.org","@graph":[{"@type":"WebPage","@id":"https:\/\/derechoyreligion-uc.urantiacos.cl\/en\/recurso\/decree-657-exento-modifies-decree-no-1221-exento-of-2018-which-revokes-the-official-recognition-of-the-instituto-catequistico-universidad-catolica-professional-institute\/","url":"https:\/\/derechoyreligion-uc.urantiacos.cl\/en\/recurso\/decree-657-exento-modifies-decree-no-1221-exento-of-2018-which-revokes-the-official-recognition-of-the-instituto-catequistico-universidad-catolica-professional-institute\/","name":"Decree 657 EXENTO Modifies decree No. 1,221 EXENTO, of 2018, which revokes the official recognition of the Instituto Catequ\u00edstico Universidad Cat\u00f3lica professional institute. - Centro UC Derecho y Religi\u00f3n","isPartOf":{"@id":"https:\/\/derechoyreligion-uc.urantiacos.cl\/en\/#website"},"datePublished":"2026-01-12T16:09:44+00:00","breadcrumb":{"@id":"https:\/\/derechoyreligion-uc.urantiacos.cl\/en\/recurso\/decree-657-exento-modifies-decree-no-1221-exento-of-2018-which-revokes-the-official-recognition-of-the-instituto-catequistico-universidad-catolica-professional-institute\/#breadcrumb"},"inLanguage":"en-US","potentialAction":[{"@type":"ReadAction","target":["https:\/\/derechoyreligion-uc.urantiacos.cl\/en\/recurso\/decree-657-exento-modifies-decree-no-1221-exento-of-2018-which-revokes-the-official-recognition-of-the-instituto-catequistico-universidad-catolica-professional-institute\/"]}]},{"@type":"BreadcrumbList","@id":"https:\/\/derechoyreligion-uc.urantiacos.cl\/en\/recurso\/decree-657-exento-modifies-decree-no-1221-exento-of-2018-which-revokes-the-official-recognition-of-the-instituto-catequistico-universidad-catolica-professional-institute\/#breadcrumb","itemListElement":[{"@type":"ListItem","position":1,"name":"Portada","item":"https:\/\/derechoyreligion-uc.urantiacos.cl\/en\/"},{"@type":"ListItem","position":2,"name":"Decree 657 EXENTO Modifies decree No. 1,221 EXENTO, of 2018, which revokes the official recognition of the Instituto Catequ\u00edstico Universidad Cat\u00f3lica professional institute."}]},{"@type":"WebSite","@id":"https:\/\/derechoyreligion-uc.urantiacos.cl\/en\/#website","url":"https:\/\/derechoyreligion-uc.urantiacos.cl\/en\/","name":"Centro UC Derecho y Religi\u00f3n","description":"","potentialAction":[{"@type":"SearchAction","target":{"@type":"EntryPoint","urlTemplate":"https:\/\/derechoyreligion-uc.urantiacos.cl\/en\/?s={search_term_string}"},"query-input":{"@type":"PropertyValueSpecification","valueRequired":true,"valueName":"search_term_string"}}],"inLanguage":"en-US"}]}},"_links":{"self":[{"href":"https:\/\/derechoyreligion-uc.urantiacos.cl\/en\/wp-json\/wp\/v2\/recurso\/1625","targetHints":{"allow":["GET"]}}],"collection":[{"href":"https:\/\/derechoyreligion-uc.urantiacos.cl\/en\/wp-json\/wp\/v2\/recurso"}],"about":[{"href":"https:\/\/derechoyreligion-uc.urantiacos.cl\/en\/wp-json\/wp\/v2\/types\/recurso"}],"wp:attachment":[{"href":"https:\/\/derechoyreligion-uc.urantiacos.cl\/en\/wp-json\/wp\/v2\/media?parent=1625"}],"wp:term":[{"taxonomy":"clase-de-norma","embeddable":true,"href":"https:\/\/derechoyreligion-uc.urantiacos.cl\/en\/wp-json\/wp\/v2\/clase-de-norma?post=1625"},{"taxonomy":"materia","embeddable":true,"href":"https:\/\/derechoyreligion-uc.urantiacos.cl\/en\/wp-json\/wp\/v2\/materia?post=1625"},{"taxonomy":"organo","embeddable":true,"href":"https:\/\/derechoyreligion-uc.urantiacos.cl\/en\/wp-json\/wp\/v2\/organo?post=1625"},{"taxonomy":"pais","embeddable":true,"href":"https:\/\/derechoyreligion-uc.urantiacos.cl\/en\/wp-json\/wp\/v2\/pais?post=1625"},{"taxonomy":"submateria","embeddable":true,"href":"https:\/\/derechoyreligion-uc.urantiacos.cl\/en\/wp-json\/wp\/v2\/submateria?post=1625"},{"taxonomy":"tipo","embeddable":true,"href":"https:\/\/derechoyreligion-uc.urantiacos.cl\/en\/wp-json\/wp\/v2\/tipo?post=1625"},{"taxonomy":"zona","embeddable":true,"href":"https:\/\/derechoyreligion-uc.urantiacos.cl\/en\/wp-json\/wp\/v2\/zona?post=1625"}],"curies":[{"name":"wp","href":"https:\/\/api.w.org\/{rel}","templated":true}]}}

Decree 657 EXENTO Modifies decree No. 1,221 EXENTO, of 2018, which revokes the official recognition of the Instituto Catequístico Universidad Católica professional institute.

<!-- This site is optimized with the Yoast SEO plugin v27.1.1 - https://yoast.com/product/yoast-seo-wordpress/ -->
<title>Decree 657 EXENTO Modifies decree No. 1,221 EXENTO, of 2018, which revokes the official recognition of the Instituto Catequístico Universidad Católica professional institute. - Centro UC Derecho y Religión</title>
<meta name="robots" content="index, follow, max-snippet:-1, max-image-preview:large, max-video-preview:-1" />
<link rel="canonical" href="https://derechoyreligion-uc.urantiacos.cl/en/recurso/decree-657-exento-modifies-decree-no-1221-exento-of-2018-which-revokes-the-official-recognition-of-the-instituto-catequistico-universidad-catolica-professional-institute/" />
<meta property="og:locale" content="en_US" />
<meta property="og:type" content="article" />
<meta property="og:title" content="Decree 657 EXENTO Modifies decree No. 1,221 EXENTO, of 2018, which revokes the official recognition of the Instituto Catequístico Universidad Católica professional institute. - Centro UC Derecho y Religión" />
<meta property="og:url" content="https://derechoyreligion-uc.urantiacos.cl/en/recurso/decree-657-exento-modifies-decree-no-1221-exento-of-2018-which-revokes-the-official-recognition-of-the-instituto-catequistico-universidad-catolica-professional-institute/" />
<meta property="og:site_name" content="Centro UC Derecho y Religión" />
<meta name="twitter:card" content="summary_large_image" />
<script type="application/ld+json" class="yoast-schema-graph">{"@context":"https://schema.org","@graph":[{"@type":"WebPage","@id":"https://derechoyreligion-uc.urantiacos.cl/en/recurso/decree-657-exento-modifies-decree-no-1221-exento-of-2018-which-revokes-the-official-recognition-of-the-instituto-catequistico-universidad-catolica-professional-institute/","url":"https://derechoyreligion-uc.urantiacos.cl/en/recurso/decree-657-exento-modifies-decree-no-1221-exento-of-2018-which-revokes-the-official-recognition-of-the-instituto-catequistico-universidad-catolica-professional-institute/","name":"Decree 657 EXENTO Modifies decree No. 1,221 EXENTO, of 2018, which revokes the official recognition of the Instituto Catequístico Universidad Católica professional institute. - Centro UC Derecho y Religión","isPartOf":{"@id":"https://derechoyreligion-uc.urantiacos.cl/en/#website"},"datePublished":"2026-01-12T16:09:44+00:00","breadcrumb":{"@id":"https://derechoyreligion-uc.urantiacos.cl/en/recurso/decree-657-exento-modifies-decree-no-1221-exento-of-2018-which-revokes-the-official-recognition-of-the-instituto-catequistico-universidad-catolica-professional-institute/#breadcrumb"},"inLanguage":"en-US","potentialAction":[{"@type":"ReadAction","target":["https://derechoyreligion-uc.urantiacos.cl/en/recurso/decree-657-exento-modifies-decree-no-1221-exento-of-2018-which-revokes-the-official-recognition-of-the-instituto-catequistico-universidad-catolica-professional-institute/"]}]},{"@type":"BreadcrumbList","@id":"https://derechoyreligion-uc.urantiacos.cl/en/recurso/decree-657-exento-modifies-decree-no-1221-exento-of-2018-which-revokes-the-official-recognition-of-the-instituto-catequistico-universidad-catolica-professional-institute/#breadcrumb","itemListElement":[{"@type":"ListItem","position":1,"name":"Portada","item":"https://derechoyreligion-uc.urantiacos.cl/en/"},{"@type":"ListItem","position":2,"name":"Decree 657 EXENTO Modifies decree No. 1,221 EXENTO, of 2018, which revokes the official recognition of the Instituto Catequístico Universidad Católica professional institute."}]},{"@type":"WebSite","@id":"https://derechoyreligion-uc.urantiacos.cl/en/#website","url":"https://derechoyreligion-uc.urantiacos.cl/en/","name":"Centro UC Derecho y Religión","description":"","potentialAction":[{"@type":"SearchAction","target":{"@type":"EntryPoint","urlTemplate":"https://derechoyreligion-uc.urantiacos.cl/en/?s={search_term_string}"},"query-input":{"@type":"PropertyValueSpecification","valueRequired":true,"valueName":"search_term_string"}}],"inLanguage":"en-US"}]}</script>
<!-- / Yoast SEO plugin. -->

Decree 657 EXENTO Modifies decree No. 1,221 EXENTO, of 2018, which revokes the official recognition of the Instituto Catequístico Universidad Católica professional institute. - Centro UC Derecho y Religión

Centro UC Derecho y Religión
