
{"id":883,"date":"2025-10-15T00:00:00","date_gmt":"2025-10-15T03:00:00","guid":{"rendered":"https:\/\/derechoyreligion-uc.urantiacos.cl\/publicacion\/law-and-religion-in-chile-ecclesiastical-law-in-transition-ana-maria-celis-and-sebastian-zarate\/"},"modified":"2026-03-08T20:28:41","modified_gmt":"2026-03-08T23:28:41","slug":"law-and-religion-in-chile-ecclesiastical-law-in-transition-ana-maria-celis-and-sebastian-zarate","status":"publish","type":"publicacion","link":"https:\/\/derechoyreligion-uc.urantiacos.cl\/en\/publication\/law-and-religion-in-chile-ecclesiastical-law-in-transition-ana-maria-celis-and-sebastian-zarate\/","title":{"rendered":"Law and religion in Chile: Ecclesiastical Law in transition. Ana Mar\u00eda Celis and Sebasti\u00e1n Z\u00e1rate."},"content":{"rendered":"<p>Description of the evolution and transition of ecclesiastical law in Chile and its growing relevance in the legal context. The article analyzes the constitutional framework of religious freedom, the relationship between the State and churches, the recognition and regulation of religious organizations (Local Communities Act 1997, Civil Code, Religious Entities Act 1999), and key issues such as religion and society, ministers of worship, labor law and religious freedom, as well as denominational schools. It emphasizes greater academic and judicial recognition of the area in recent decades.<\/p>\n","protected":false},"featured_media":0,"template":"","meta":{"_acf_changed":false},"ano_publicacion":[61],"autor":[42,58],"class_list":["post-883","publicacion","type-publicacion","status-publish","hentry","ano_publicacion-2010-2011","autor-ana-maria-celis-b","autor-sebastian-zarate"],"acf":[],"yoast_head":"<!-- This site is optimized with the Yoast SEO plugin v27.1.1 - https:\/\/yoast.com\/product\/yoast-seo-wordpress\/ -->\n<title>Law and religion in Chile: Ecclesiastical Law in transition. Ana Mar\u00eda Celis and Sebasti\u00e1n Z\u00e1rate. - Centro UC Derecho y Religi\u00f3n<\/title>\n<meta name=\"robots\" content=\"index, follow, max-snippet:-1, max-image-preview:large, max-video-preview:-1\" \/>\n<link rel=\"canonical\" href=\"https:\/\/derechoyreligion-uc.urantiacos.cl\/en\/publication\/law-and-religion-in-chile-ecclesiastical-law-in-transition-ana-maria-celis-and-sebastian-zarate\/\" \/>\n<meta property=\"og:locale\" content=\"en_US\" \/>\n<meta property=\"og:type\" content=\"article\" \/>\n<meta property=\"og:title\" content=\"Law and religion in Chile: Ecclesiastical Law in transition. Ana Mar\u00eda Celis and Sebasti\u00e1n Z\u00e1rate. - Centro UC Derecho y Religi\u00f3n\" \/>\n<meta property=\"og:description\" content=\"Description of the evolution and transition of ecclesiastical law in Chile and its growing relevance in the legal context. The article analyzes the constitutional framework of religious freedom, the relationship between the State and churches, the recognition and regulation of religious organizations (Local Communities Act 1997, Civil Code, Religious Entities Act 1999), and key issues [&hellip;]\" \/>\n<meta property=\"og:url\" content=\"https:\/\/derechoyreligion-uc.urantiacos.cl\/en\/publication\/law-and-religion-in-chile-ecclesiastical-law-in-transition-ana-maria-celis-and-sebastian-zarate\/\" \/>\n<meta property=\"og:site_name\" content=\"Centro UC Derecho y Religi\u00f3n\" \/>\n<meta property=\"article:modified_time\" content=\"2026-03-08T23:28:41+00:00\" \/>\n<meta name=\"twitter:card\" content=\"summary_large_image\" \/>\n<script type=\"application\/ld+json\" class=\"yoast-schema-graph\">{\"@context\":\"https:\/\/schema.org\",\"@graph\":[{\"@type\":\"WebPage\",\"@id\":\"https:\/\/derechoyreligion-uc.urantiacos.cl\/en\/publication\/law-and-religion-in-chile-ecclesiastical-law-in-transition-ana-maria-celis-and-sebastian-zarate\/\",\"url\":\"https:\/\/derechoyreligion-uc.urantiacos.cl\/en\/publication\/law-and-religion-in-chile-ecclesiastical-law-in-transition-ana-maria-celis-and-sebastian-zarate\/\",\"name\":\"Law and religion in Chile: Ecclesiastical Law in transition. Ana Mar\u00eda Celis and Sebasti\u00e1n Z\u00e1rate. - Centro UC Derecho y Religi\u00f3n\",\"isPartOf\":{\"@id\":\"https:\/\/derechoyreligion-uc.urantiacos.cl\/en\/#website\"},\"datePublished\":\"2025-10-15T03:00:00+00:00\",\"dateModified\":\"2026-03-08T23:28:41+00:00\",\"breadcrumb\":{\"@id\":\"https:\/\/derechoyreligion-uc.urantiacos.cl\/en\/publication\/law-and-religion-in-chile-ecclesiastical-law-in-transition-ana-maria-celis-and-sebastian-zarate\/#breadcrumb\"},\"inLanguage\":\"en-US\",\"potentialAction\":[{\"@type\":\"ReadAction\",\"target\":[\"https:\/\/derechoyreligion-uc.urantiacos.cl\/en\/publication\/law-and-religion-in-chile-ecclesiastical-law-in-transition-ana-maria-celis-and-sebastian-zarate\/\"]}]},{\"@type\":\"BreadcrumbList\",\"@id\":\"https:\/\/derechoyreligion-uc.urantiacos.cl\/en\/publication\/law-and-religion-in-chile-ecclesiastical-law-in-transition-ana-maria-celis-and-sebastian-zarate\/#breadcrumb\",\"itemListElement\":[{\"@type\":\"ListItem\",\"position\":1,\"name\":\"Portada\",\"item\":\"https:\/\/derechoyreligion-uc.urantiacos.cl\/en\/\"},{\"@type\":\"ListItem\",\"position\":2,\"name\":\"Law and religion in Chile: Ecclesiastical Law in transition. Ana Mar\u00eda Celis and Sebasti\u00e1n Z\u00e1rate.\"}]},{\"@type\":\"WebSite\",\"@id\":\"https:\/\/derechoyreligion-uc.urantiacos.cl\/en\/#website\",\"url\":\"https:\/\/derechoyreligion-uc.urantiacos.cl\/en\/\",\"name\":\"Centro UC Derecho y Religi\u00f3n\",\"description\":\"\",\"potentialAction\":[{\"@type\":\"SearchAction\",\"target\":{\"@type\":\"EntryPoint\",\"urlTemplate\":\"https:\/\/derechoyreligion-uc.urantiacos.cl\/en\/?s={search_term_string}\"},\"query-input\":{\"@type\":\"PropertyValueSpecification\",\"valueRequired\":true,\"valueName\":\"search_term_string\"}}],\"inLanguage\":\"en-US\"}]}<\/script>\n<!-- \/ Yoast SEO plugin. -->","yoast_head_json":{"title":"Law and religion in Chile: Ecclesiastical Law in transition. Ana Mar\u00eda Celis and Sebasti\u00e1n Z\u00e1rate. - Centro UC Derecho y Religi\u00f3n","robots":{"index":"index","follow":"follow","max-snippet":"max-snippet:-1","max-image-preview":"max-image-preview:large","max-video-preview":"max-video-preview:-1"},"canonical":"https:\/\/derechoyreligion-uc.urantiacos.cl\/en\/publication\/law-and-religion-in-chile-ecclesiastical-law-in-transition-ana-maria-celis-and-sebastian-zarate\/","og_locale":"en_US","og_type":"article","og_title":"Law and religion in Chile: Ecclesiastical Law in transition. Ana Mar\u00eda Celis and Sebasti\u00e1n Z\u00e1rate. - Centro UC Derecho y Religi\u00f3n","og_description":"Description of the evolution and transition of ecclesiastical law in Chile and its growing relevance in the legal context. The article analyzes the constitutional framework of religious freedom, the relationship between the State and churches, the recognition and regulation of religious organizations (Local Communities Act 1997, Civil Code, Religious Entities Act 1999), and key issues [&hellip;]","og_url":"https:\/\/derechoyreligion-uc.urantiacos.cl\/en\/publication\/law-and-religion-in-chile-ecclesiastical-law-in-transition-ana-maria-celis-and-sebastian-zarate\/","og_site_name":"Centro UC Derecho y Religi\u00f3n","article_modified_time":"2026-03-08T23:28:41+00:00","twitter_card":"summary_large_image","schema":{"@context":"https:\/\/schema.org","@graph":[{"@type":"WebPage","@id":"https:\/\/derechoyreligion-uc.urantiacos.cl\/en\/publication\/law-and-religion-in-chile-ecclesiastical-law-in-transition-ana-maria-celis-and-sebastian-zarate\/","url":"https:\/\/derechoyreligion-uc.urantiacos.cl\/en\/publication\/law-and-religion-in-chile-ecclesiastical-law-in-transition-ana-maria-celis-and-sebastian-zarate\/","name":"Law and religion in Chile: Ecclesiastical Law in transition. Ana Mar\u00eda Celis and Sebasti\u00e1n Z\u00e1rate. - Centro UC Derecho y Religi\u00f3n","isPartOf":{"@id":"https:\/\/derechoyreligion-uc.urantiacos.cl\/en\/#website"},"datePublished":"2025-10-15T03:00:00+00:00","dateModified":"2026-03-08T23:28:41+00:00","breadcrumb":{"@id":"https:\/\/derechoyreligion-uc.urantiacos.cl\/en\/publication\/law-and-religion-in-chile-ecclesiastical-law-in-transition-ana-maria-celis-and-sebastian-zarate\/#breadcrumb"},"inLanguage":"en-US","potentialAction":[{"@type":"ReadAction","target":["https:\/\/derechoyreligion-uc.urantiacos.cl\/en\/publication\/law-and-religion-in-chile-ecclesiastical-law-in-transition-ana-maria-celis-and-sebastian-zarate\/"]}]},{"@type":"BreadcrumbList","@id":"https:\/\/derechoyreligion-uc.urantiacos.cl\/en\/publication\/law-and-religion-in-chile-ecclesiastical-law-in-transition-ana-maria-celis-and-sebastian-zarate\/#breadcrumb","itemListElement":[{"@type":"ListItem","position":1,"name":"Portada","item":"https:\/\/derechoyreligion-uc.urantiacos.cl\/en\/"},{"@type":"ListItem","position":2,"name":"Law and religion in Chile: Ecclesiastical Law in transition. Ana Mar\u00eda Celis and Sebasti\u00e1n Z\u00e1rate."}]},{"@type":"WebSite","@id":"https:\/\/derechoyreligion-uc.urantiacos.cl\/en\/#website","url":"https:\/\/derechoyreligion-uc.urantiacos.cl\/en\/","name":"Centro UC Derecho y Religi\u00f3n","description":"","potentialAction":[{"@type":"SearchAction","target":{"@type":"EntryPoint","urlTemplate":"https:\/\/derechoyreligion-uc.urantiacos.cl\/en\/?s={search_term_string}"},"query-input":{"@type":"PropertyValueSpecification","valueRequired":true,"valueName":"search_term_string"}}],"inLanguage":"en-US"}]}},"_links":{"self":[{"href":"https:\/\/derechoyreligion-uc.urantiacos.cl\/en\/wp-json\/wp\/v2\/publicacion\/883","targetHints":{"allow":["GET"]}}],"collection":[{"href":"https:\/\/derechoyreligion-uc.urantiacos.cl\/en\/wp-json\/wp\/v2\/publicacion"}],"about":[{"href":"https:\/\/derechoyreligion-uc.urantiacos.cl\/en\/wp-json\/wp\/v2\/types\/publicacion"}],"wp:attachment":[{"href":"https:\/\/derechoyreligion-uc.urantiacos.cl\/en\/wp-json\/wp\/v2\/media?parent=883"}],"wp:term":[{"taxonomy":"ano_publicacion","embeddable":true,"href":"https:\/\/derechoyreligion-uc.urantiacos.cl\/en\/wp-json\/wp\/v2\/ano_publicacion?post=883"},{"taxonomy":"autor","embeddable":true,"href":"https:\/\/derechoyreligion-uc.urantiacos.cl\/en\/wp-json\/wp\/v2\/autor?post=883"}],"curies":[{"name":"wp","href":"https:\/\/api.w.org\/{rel}","templated":true}]}}

Law and religion in Chile: Ecclesiastical Law in transition. Ana María Celis and Sebastián Zárate.

<!-- This site is optimized with the Yoast SEO plugin v27.1.1 - https://yoast.com/product/yoast-seo-wordpress/ -->
<title>Law and religion in Chile: Ecclesiastical Law in transition. Ana María Celis and Sebastián Zárate. - Centro UC Derecho y Religión</title>
<meta name="robots" content="index, follow, max-snippet:-1, max-image-preview:large, max-video-preview:-1" />
<link rel="canonical" href="https://derechoyreligion-uc.urantiacos.cl/en/publication/law-and-religion-in-chile-ecclesiastical-law-in-transition-ana-maria-celis-and-sebastian-zarate/" />
<meta property="og:locale" content="en_US" />
<meta property="og:type" content="article" />
<meta property="og:title" content="Law and religion in Chile: Ecclesiastical Law in transition. Ana María Celis and Sebastián Zárate. - Centro UC Derecho y Religión" />
<meta property="og:description" content="Description of the evolution and transition of ecclesiastical law in Chile and its growing relevance in the legal context. The article analyzes the constitutional framework of religious freedom, the relationship between the State and churches, the recognition and regulation of religious organizations (Local Communities Act 1997, Civil Code, Religious Entities Act 1999), and key issues [&hellip;]" />
<meta property="og:url" content="https://derechoyreligion-uc.urantiacos.cl/en/publication/law-and-religion-in-chile-ecclesiastical-law-in-transition-ana-maria-celis-and-sebastian-zarate/" />
<meta property="og:site_name" content="Centro UC Derecho y Religión" />
<meta property="article:modified_time" content="2026-03-08T23:28:41+00:00" />
<meta name="twitter:card" content="summary_large_image" />
<script type="application/ld+json" class="yoast-schema-graph">{"@context":"https://schema.org","@graph":[{"@type":"WebPage","@id":"https://derechoyreligion-uc.urantiacos.cl/en/publication/law-and-religion-in-chile-ecclesiastical-law-in-transition-ana-maria-celis-and-sebastian-zarate/","url":"https://derechoyreligion-uc.urantiacos.cl/en/publication/law-and-religion-in-chile-ecclesiastical-law-in-transition-ana-maria-celis-and-sebastian-zarate/","name":"Law and religion in Chile: Ecclesiastical Law in transition. Ana María Celis and Sebastián Zárate. - Centro UC Derecho y Religión","isPartOf":{"@id":"https://derechoyreligion-uc.urantiacos.cl/en/#website"},"datePublished":"2025-10-15T03:00:00+00:00","dateModified":"2026-03-08T23:28:41+00:00","breadcrumb":{"@id":"https://derechoyreligion-uc.urantiacos.cl/en/publication/law-and-religion-in-chile-ecclesiastical-law-in-transition-ana-maria-celis-and-sebastian-zarate/#breadcrumb"},"inLanguage":"en-US","potentialAction":[{"@type":"ReadAction","target":["https://derechoyreligion-uc.urantiacos.cl/en/publication/law-and-religion-in-chile-ecclesiastical-law-in-transition-ana-maria-celis-and-sebastian-zarate/"]}]},{"@type":"BreadcrumbList","@id":"https://derechoyreligion-uc.urantiacos.cl/en/publication/law-and-religion-in-chile-ecclesiastical-law-in-transition-ana-maria-celis-and-sebastian-zarate/#breadcrumb","itemListElement":[{"@type":"ListItem","position":1,"name":"Portada","item":"https://derechoyreligion-uc.urantiacos.cl/en/"},{"@type":"ListItem","position":2,"name":"Law and religion in Chile: Ecclesiastical Law in transition. Ana María Celis and Sebastián Zárate."}]},{"@type":"WebSite","@id":"https://derechoyreligion-uc.urantiacos.cl/en/#website","url":"https://derechoyreligion-uc.urantiacos.cl/en/","name":"Centro UC Derecho y Religión","description":"","potentialAction":[{"@type":"SearchAction","target":{"@type":"EntryPoint","urlTemplate":"https://derechoyreligion-uc.urantiacos.cl/en/?s={search_term_string}"},"query-input":{"@type":"PropertyValueSpecification","valueRequired":true,"valueName":"search_term_string"}}],"inLanguage":"en-US"}]}</script>
<!-- / Yoast SEO plugin. -->

Law and religion in Chile: Ecclesiastical Law in transition. Ana María Celis and Sebastián Zárate. - Centro UC Derecho y Religión

Centro UC Derecho y Religión
