
{"id":876,"date":"2025-10-15T00:00:00","date_gmt":"2025-10-15T03:00:00","guid":{"rendered":"https:\/\/derechoyreligion-uc.urantiacos.cl\/publicacion\/church-bill-the-reason-for-unreason-rene-cortinez\/"},"modified":"2026-03-08T20:44:52","modified_gmt":"2026-03-08T23:44:52","slug":"church-bill-the-reason-for-unreason-rene-cortinez","status":"publish","type":"publicacion","link":"https:\/\/derechoyreligion-uc.urantiacos.cl\/en\/publication\/church-bill-the-reason-for-unreason-rene-cortinez\/","title":{"rendered":"Church Law Bill: The Reason for Unreason? Ren\u00e9 Cort\u00ednez."},"content":{"rendered":"<p>Analysis of the main aspects of the legislative debate sparked by the Church Law Bill in Chile. The objections raised by the Catholic Church, social and legal controversies, and the perception that the legislative process proceeds without sufficient consideration of critical opinions or the technical and social arguments of various relevant stakeholders are highlighted.<\/p>\n","protected":false},"featured_media":0,"template":"","meta":{"_acf_changed":false},"ano_publicacion":[71],"autor":[67],"class_list":["post-876","publicacion","type-publicacion","status-publish","hentry","ano_publicacion-71","autor-rene-cortinez"],"acf":[],"yoast_head":"<!-- This site is optimized with the Yoast SEO plugin v27.1.1 - https:\/\/yoast.com\/product\/yoast-seo-wordpress\/ -->\n<title>Church Law Bill: The Reason for Unreason? Ren\u00e9 Cort\u00ednez. - Centro UC Derecho y Religi\u00f3n<\/title>\n<meta name=\"robots\" content=\"index, follow, max-snippet:-1, max-image-preview:large, max-video-preview:-1\" \/>\n<link rel=\"canonical\" href=\"https:\/\/derechoyreligion-uc.urantiacos.cl\/en\/publication\/church-bill-the-reason-for-unreason-rene-cortinez\/\" \/>\n<meta property=\"og:locale\" content=\"en_US\" \/>\n<meta property=\"og:type\" content=\"article\" \/>\n<meta property=\"og:title\" content=\"Church Law Bill: The Reason for Unreason? Ren\u00e9 Cort\u00ednez. - Centro UC Derecho y Religi\u00f3n\" \/>\n<meta property=\"og:description\" content=\"Analysis of the main aspects of the legislative debate sparked by the Church Law Bill in Chile. The objections raised by the Catholic Church, social and legal controversies, and the perception that the legislative process proceeds without sufficient consideration of critical opinions or the technical and social arguments of various relevant stakeholders are highlighted.\" \/>\n<meta property=\"og:url\" content=\"https:\/\/derechoyreligion-uc.urantiacos.cl\/en\/publication\/church-bill-the-reason-for-unreason-rene-cortinez\/\" \/>\n<meta property=\"og:site_name\" content=\"Centro UC Derecho y Religi\u00f3n\" \/>\n<meta property=\"article:modified_time\" content=\"2026-03-08T23:44:52+00:00\" \/>\n<meta name=\"twitter:card\" content=\"summary_large_image\" \/>\n<script type=\"application\/ld+json\" class=\"yoast-schema-graph\">{\"@context\":\"https:\/\/schema.org\",\"@graph\":[{\"@type\":\"WebPage\",\"@id\":\"https:\/\/derechoyreligion-uc.urantiacos.cl\/en\/publication\/church-bill-the-reason-for-unreason-rene-cortinez\/\",\"url\":\"https:\/\/derechoyreligion-uc.urantiacos.cl\/en\/publication\/church-bill-the-reason-for-unreason-rene-cortinez\/\",\"name\":\"Church Law Bill: The Reason for Unreason? Ren\u00e9 Cort\u00ednez. - Centro UC Derecho y Religi\u00f3n\",\"isPartOf\":{\"@id\":\"https:\/\/derechoyreligion-uc.urantiacos.cl\/en\/#website\"},\"datePublished\":\"2025-10-15T03:00:00+00:00\",\"dateModified\":\"2026-03-08T23:44:52+00:00\",\"breadcrumb\":{\"@id\":\"https:\/\/derechoyreligion-uc.urantiacos.cl\/en\/publication\/church-bill-the-reason-for-unreason-rene-cortinez\/#breadcrumb\"},\"inLanguage\":\"en-US\",\"potentialAction\":[{\"@type\":\"ReadAction\",\"target\":[\"https:\/\/derechoyreligion-uc.urantiacos.cl\/en\/publication\/church-bill-the-reason-for-unreason-rene-cortinez\/\"]}]},{\"@type\":\"BreadcrumbList\",\"@id\":\"https:\/\/derechoyreligion-uc.urantiacos.cl\/en\/publication\/church-bill-the-reason-for-unreason-rene-cortinez\/#breadcrumb\",\"itemListElement\":[{\"@type\":\"ListItem\",\"position\":1,\"name\":\"Portada\",\"item\":\"https:\/\/derechoyreligion-uc.urantiacos.cl\/en\/\"},{\"@type\":\"ListItem\",\"position\":2,\"name\":\"Church Law Bill: The Reason for Unreason? Ren\u00e9 Cort\u00ednez.\"}]},{\"@type\":\"WebSite\",\"@id\":\"https:\/\/derechoyreligion-uc.urantiacos.cl\/en\/#website\",\"url\":\"https:\/\/derechoyreligion-uc.urantiacos.cl\/en\/\",\"name\":\"Centro UC Derecho y Religi\u00f3n\",\"description\":\"\",\"potentialAction\":[{\"@type\":\"SearchAction\",\"target\":{\"@type\":\"EntryPoint\",\"urlTemplate\":\"https:\/\/derechoyreligion-uc.urantiacos.cl\/en\/?s={search_term_string}\"},\"query-input\":{\"@type\":\"PropertyValueSpecification\",\"valueRequired\":true,\"valueName\":\"search_term_string\"}}],\"inLanguage\":\"en-US\"}]}<\/script>\n<!-- \/ Yoast SEO plugin. -->","yoast_head_json":{"title":"Church Law Bill: The Reason for Unreason? Ren\u00e9 Cort\u00ednez. - Centro UC Derecho y Religi\u00f3n","robots":{"index":"index","follow":"follow","max-snippet":"max-snippet:-1","max-image-preview":"max-image-preview:large","max-video-preview":"max-video-preview:-1"},"canonical":"https:\/\/derechoyreligion-uc.urantiacos.cl\/en\/publication\/church-bill-the-reason-for-unreason-rene-cortinez\/","og_locale":"en_US","og_type":"article","og_title":"Church Law Bill: The Reason for Unreason? Ren\u00e9 Cort\u00ednez. - Centro UC Derecho y Religi\u00f3n","og_description":"Analysis of the main aspects of the legislative debate sparked by the Church Law Bill in Chile. The objections raised by the Catholic Church, social and legal controversies, and the perception that the legislative process proceeds without sufficient consideration of critical opinions or the technical and social arguments of various relevant stakeholders are highlighted.","og_url":"https:\/\/derechoyreligion-uc.urantiacos.cl\/en\/publication\/church-bill-the-reason-for-unreason-rene-cortinez\/","og_site_name":"Centro UC Derecho y Religi\u00f3n","article_modified_time":"2026-03-08T23:44:52+00:00","twitter_card":"summary_large_image","schema":{"@context":"https:\/\/schema.org","@graph":[{"@type":"WebPage","@id":"https:\/\/derechoyreligion-uc.urantiacos.cl\/en\/publication\/church-bill-the-reason-for-unreason-rene-cortinez\/","url":"https:\/\/derechoyreligion-uc.urantiacos.cl\/en\/publication\/church-bill-the-reason-for-unreason-rene-cortinez\/","name":"Church Law Bill: The Reason for Unreason? Ren\u00e9 Cort\u00ednez. - Centro UC Derecho y Religi\u00f3n","isPartOf":{"@id":"https:\/\/derechoyreligion-uc.urantiacos.cl\/en\/#website"},"datePublished":"2025-10-15T03:00:00+00:00","dateModified":"2026-03-08T23:44:52+00:00","breadcrumb":{"@id":"https:\/\/derechoyreligion-uc.urantiacos.cl\/en\/publication\/church-bill-the-reason-for-unreason-rene-cortinez\/#breadcrumb"},"inLanguage":"en-US","potentialAction":[{"@type":"ReadAction","target":["https:\/\/derechoyreligion-uc.urantiacos.cl\/en\/publication\/church-bill-the-reason-for-unreason-rene-cortinez\/"]}]},{"@type":"BreadcrumbList","@id":"https:\/\/derechoyreligion-uc.urantiacos.cl\/en\/publication\/church-bill-the-reason-for-unreason-rene-cortinez\/#breadcrumb","itemListElement":[{"@type":"ListItem","position":1,"name":"Portada","item":"https:\/\/derechoyreligion-uc.urantiacos.cl\/en\/"},{"@type":"ListItem","position":2,"name":"Church Law Bill: The Reason for Unreason? Ren\u00e9 Cort\u00ednez."}]},{"@type":"WebSite","@id":"https:\/\/derechoyreligion-uc.urantiacos.cl\/en\/#website","url":"https:\/\/derechoyreligion-uc.urantiacos.cl\/en\/","name":"Centro UC Derecho y Religi\u00f3n","description":"","potentialAction":[{"@type":"SearchAction","target":{"@type":"EntryPoint","urlTemplate":"https:\/\/derechoyreligion-uc.urantiacos.cl\/en\/?s={search_term_string}"},"query-input":{"@type":"PropertyValueSpecification","valueRequired":true,"valueName":"search_term_string"}}],"inLanguage":"en-US"}]}},"_links":{"self":[{"href":"https:\/\/derechoyreligion-uc.urantiacos.cl\/en\/wp-json\/wp\/v2\/publicacion\/876","targetHints":{"allow":["GET"]}}],"collection":[{"href":"https:\/\/derechoyreligion-uc.urantiacos.cl\/en\/wp-json\/wp\/v2\/publicacion"}],"about":[{"href":"https:\/\/derechoyreligion-uc.urantiacos.cl\/en\/wp-json\/wp\/v2\/types\/publicacion"}],"wp:attachment":[{"href":"https:\/\/derechoyreligion-uc.urantiacos.cl\/en\/wp-json\/wp\/v2\/media?parent=876"}],"wp:term":[{"taxonomy":"ano_publicacion","embeddable":true,"href":"https:\/\/derechoyreligion-uc.urantiacos.cl\/en\/wp-json\/wp\/v2\/ano_publicacion?post=876"},{"taxonomy":"autor","embeddable":true,"href":"https:\/\/derechoyreligion-uc.urantiacos.cl\/en\/wp-json\/wp\/v2\/autor?post=876"}],"curies":[{"name":"wp","href":"https:\/\/api.w.org\/{rel}","templated":true}]}}

Church Law Bill: The Reason for Unreason? René Cortínez.

<!-- This site is optimized with the Yoast SEO plugin v27.1.1 - https://yoast.com/product/yoast-seo-wordpress/ -->
<title>Church Law Bill: The Reason for Unreason? René Cortínez. - Centro UC Derecho y Religión</title>
<meta name="robots" content="index, follow, max-snippet:-1, max-image-preview:large, max-video-preview:-1" />
<link rel="canonical" href="https://derechoyreligion-uc.urantiacos.cl/en/publication/church-bill-the-reason-for-unreason-rene-cortinez/" />
<meta property="og:locale" content="en_US" />
<meta property="og:type" content="article" />
<meta property="og:title" content="Church Law Bill: The Reason for Unreason? René Cortínez. - Centro UC Derecho y Religión" />
<meta property="og:description" content="Analysis of the main aspects of the legislative debate sparked by the Church Law Bill in Chile. The objections raised by the Catholic Church, social and legal controversies, and the perception that the legislative process proceeds without sufficient consideration of critical opinions or the technical and social arguments of various relevant stakeholders are highlighted." />
<meta property="og:url" content="https://derechoyreligion-uc.urantiacos.cl/en/publication/church-bill-the-reason-for-unreason-rene-cortinez/" />
<meta property="og:site_name" content="Centro UC Derecho y Religión" />
<meta property="article:modified_time" content="2026-03-08T23:44:52+00:00" />
<meta name="twitter:card" content="summary_large_image" />
<script type="application/ld+json" class="yoast-schema-graph">{"@context":"https://schema.org","@graph":[{"@type":"WebPage","@id":"https://derechoyreligion-uc.urantiacos.cl/en/publication/church-bill-the-reason-for-unreason-rene-cortinez/","url":"https://derechoyreligion-uc.urantiacos.cl/en/publication/church-bill-the-reason-for-unreason-rene-cortinez/","name":"Church Law Bill: The Reason for Unreason? René Cortínez. - Centro UC Derecho y Religión","isPartOf":{"@id":"https://derechoyreligion-uc.urantiacos.cl/en/#website"},"datePublished":"2025-10-15T03:00:00+00:00","dateModified":"2026-03-08T23:44:52+00:00","breadcrumb":{"@id":"https://derechoyreligion-uc.urantiacos.cl/en/publication/church-bill-the-reason-for-unreason-rene-cortinez/#breadcrumb"},"inLanguage":"en-US","potentialAction":[{"@type":"ReadAction","target":["https://derechoyreligion-uc.urantiacos.cl/en/publication/church-bill-the-reason-for-unreason-rene-cortinez/"]}]},{"@type":"BreadcrumbList","@id":"https://derechoyreligion-uc.urantiacos.cl/en/publication/church-bill-the-reason-for-unreason-rene-cortinez/#breadcrumb","itemListElement":[{"@type":"ListItem","position":1,"name":"Portada","item":"https://derechoyreligion-uc.urantiacos.cl/en/"},{"@type":"ListItem","position":2,"name":"Church Law Bill: The Reason for Unreason? René Cortínez."}]},{"@type":"WebSite","@id":"https://derechoyreligion-uc.urantiacos.cl/en/#website","url":"https://derechoyreligion-uc.urantiacos.cl/en/","name":"Centro UC Derecho y Religión","description":"","potentialAction":[{"@type":"SearchAction","target":{"@type":"EntryPoint","urlTemplate":"https://derechoyreligion-uc.urantiacos.cl/en/?s={search_term_string}"},"query-input":{"@type":"PropertyValueSpecification","valueRequired":true,"valueName":"search_term_string"}}],"inLanguage":"en-US"}]}</script>
<!-- / Yoast SEO plugin. -->

Church Law Bill: The Reason for Unreason? René Cortínez. - Centro UC Derecho y Religión

Centro UC Derecho y Religión
