
{"id":872,"date":"2025-10-15T00:00:00","date_gmt":"2025-10-15T03:00:00","guid":{"rendered":"https:\/\/derechoyreligion-uc.urantiacos.cl\/publicacion\/unconstitutionality-of-the-church-bill-rene-cortinez\/"},"modified":"2026-03-08T20:43:31","modified_gmt":"2026-03-08T23:43:31","slug":"unconstitutionality-of-the-church-bill-rene-cortinez","status":"publish","type":"publicacion","link":"https:\/\/derechoyreligion-uc.urantiacos.cl\/en\/publication\/unconstitutionality-of-the-church-bill-rene-cortinez\/","title":{"rendered":"Unconstitutionality of the Churches Bill. Ren\u00e9 Cort\u00ednez."},"content":{"rendered":"<p>Analysis of the situation and debate in the Senate regarding the recognition of the status of churches with legal personality. The author attributes current objections and conflicts to deficiencies in the bill rather than to actual tensions between religious denominations.<\/p>\n","protected":false},"featured_media":0,"template":"","meta":{"_acf_changed":false},"ano_publicacion":[72],"autor":[67],"class_list":["post-872","publicacion","type-publicacion","status-publish","hentry","ano_publicacion-72","autor-rene-cortinez"],"acf":[],"yoast_head":"<!-- This site is optimized with the Yoast SEO plugin v27.1.1 - https:\/\/yoast.com\/product\/yoast-seo-wordpress\/ -->\n<title>Unconstitutionality of the Churches Bill. Ren\u00e9 Cort\u00ednez. - Centro UC Derecho y Religi\u00f3n<\/title>\n<meta name=\"robots\" content=\"index, follow, max-snippet:-1, max-image-preview:large, max-video-preview:-1\" \/>\n<link rel=\"canonical\" href=\"https:\/\/derechoyreligion-uc.urantiacos.cl\/en\/publication\/unconstitutionality-of-the-church-bill-rene-cortinez\/\" \/>\n<meta property=\"og:locale\" content=\"en_US\" \/>\n<meta property=\"og:type\" content=\"article\" \/>\n<meta property=\"og:title\" content=\"Unconstitutionality of the Churches Bill. Ren\u00e9 Cort\u00ednez. - Centro UC Derecho y Religi\u00f3n\" \/>\n<meta property=\"og:description\" content=\"Analysis of the situation and debate in the Senate regarding the recognition of the status of churches with legal personality. The author attributes current objections and conflicts to deficiencies in the bill rather than to actual tensions between religious denominations.\" \/>\n<meta property=\"og:url\" content=\"https:\/\/derechoyreligion-uc.urantiacos.cl\/en\/publication\/unconstitutionality-of-the-church-bill-rene-cortinez\/\" \/>\n<meta property=\"og:site_name\" content=\"Centro UC Derecho y Religi\u00f3n\" \/>\n<meta property=\"article:modified_time\" content=\"2026-03-08T23:43:31+00:00\" \/>\n<meta name=\"twitter:card\" content=\"summary_large_image\" \/>\n<script type=\"application\/ld+json\" class=\"yoast-schema-graph\">{\"@context\":\"https:\/\/schema.org\",\"@graph\":[{\"@type\":\"WebPage\",\"@id\":\"https:\/\/derechoyreligion-uc.urantiacos.cl\/en\/publication\/unconstitutionality-of-the-church-bill-rene-cortinez\/\",\"url\":\"https:\/\/derechoyreligion-uc.urantiacos.cl\/en\/publication\/unconstitutionality-of-the-church-bill-rene-cortinez\/\",\"name\":\"Unconstitutionality of the Churches Bill. Ren\u00e9 Cort\u00ednez. - Centro UC Derecho y Religi\u00f3n\",\"isPartOf\":{\"@id\":\"https:\/\/derechoyreligion-uc.urantiacos.cl\/en\/#website\"},\"datePublished\":\"2025-10-15T03:00:00+00:00\",\"dateModified\":\"2026-03-08T23:43:31+00:00\",\"breadcrumb\":{\"@id\":\"https:\/\/derechoyreligion-uc.urantiacos.cl\/en\/publication\/unconstitutionality-of-the-church-bill-rene-cortinez\/#breadcrumb\"},\"inLanguage\":\"en-US\",\"potentialAction\":[{\"@type\":\"ReadAction\",\"target\":[\"https:\/\/derechoyreligion-uc.urantiacos.cl\/en\/publication\/unconstitutionality-of-the-church-bill-rene-cortinez\/\"]}]},{\"@type\":\"BreadcrumbList\",\"@id\":\"https:\/\/derechoyreligion-uc.urantiacos.cl\/en\/publication\/unconstitutionality-of-the-church-bill-rene-cortinez\/#breadcrumb\",\"itemListElement\":[{\"@type\":\"ListItem\",\"position\":1,\"name\":\"Portada\",\"item\":\"https:\/\/derechoyreligion-uc.urantiacos.cl\/en\/\"},{\"@type\":\"ListItem\",\"position\":2,\"name\":\"Unconstitutionality of the Churches Bill. Ren\u00e9 Cort\u00ednez.\"}]},{\"@type\":\"WebSite\",\"@id\":\"https:\/\/derechoyreligion-uc.urantiacos.cl\/en\/#website\",\"url\":\"https:\/\/derechoyreligion-uc.urantiacos.cl\/en\/\",\"name\":\"Centro UC Derecho y Religi\u00f3n\",\"description\":\"\",\"potentialAction\":[{\"@type\":\"SearchAction\",\"target\":{\"@type\":\"EntryPoint\",\"urlTemplate\":\"https:\/\/derechoyreligion-uc.urantiacos.cl\/en\/?s={search_term_string}\"},\"query-input\":{\"@type\":\"PropertyValueSpecification\",\"valueRequired\":true,\"valueName\":\"search_term_string\"}}],\"inLanguage\":\"en-US\"}]}<\/script>\n<!-- \/ Yoast SEO plugin. -->","yoast_head_json":{"title":"Unconstitutionality of the Churches Bill. Ren\u00e9 Cort\u00ednez. - Centro UC Derecho y Religi\u00f3n","robots":{"index":"index","follow":"follow","max-snippet":"max-snippet:-1","max-image-preview":"max-image-preview:large","max-video-preview":"max-video-preview:-1"},"canonical":"https:\/\/derechoyreligion-uc.urantiacos.cl\/en\/publication\/unconstitutionality-of-the-church-bill-rene-cortinez\/","og_locale":"en_US","og_type":"article","og_title":"Unconstitutionality of the Churches Bill. Ren\u00e9 Cort\u00ednez. - Centro UC Derecho y Religi\u00f3n","og_description":"Analysis of the situation and debate in the Senate regarding the recognition of the status of churches with legal personality. The author attributes current objections and conflicts to deficiencies in the bill rather than to actual tensions between religious denominations.","og_url":"https:\/\/derechoyreligion-uc.urantiacos.cl\/en\/publication\/unconstitutionality-of-the-church-bill-rene-cortinez\/","og_site_name":"Centro UC Derecho y Religi\u00f3n","article_modified_time":"2026-03-08T23:43:31+00:00","twitter_card":"summary_large_image","schema":{"@context":"https:\/\/schema.org","@graph":[{"@type":"WebPage","@id":"https:\/\/derechoyreligion-uc.urantiacos.cl\/en\/publication\/unconstitutionality-of-the-church-bill-rene-cortinez\/","url":"https:\/\/derechoyreligion-uc.urantiacos.cl\/en\/publication\/unconstitutionality-of-the-church-bill-rene-cortinez\/","name":"Unconstitutionality of the Churches Bill. Ren\u00e9 Cort\u00ednez. - Centro UC Derecho y Religi\u00f3n","isPartOf":{"@id":"https:\/\/derechoyreligion-uc.urantiacos.cl\/en\/#website"},"datePublished":"2025-10-15T03:00:00+00:00","dateModified":"2026-03-08T23:43:31+00:00","breadcrumb":{"@id":"https:\/\/derechoyreligion-uc.urantiacos.cl\/en\/publication\/unconstitutionality-of-the-church-bill-rene-cortinez\/#breadcrumb"},"inLanguage":"en-US","potentialAction":[{"@type":"ReadAction","target":["https:\/\/derechoyreligion-uc.urantiacos.cl\/en\/publication\/unconstitutionality-of-the-church-bill-rene-cortinez\/"]}]},{"@type":"BreadcrumbList","@id":"https:\/\/derechoyreligion-uc.urantiacos.cl\/en\/publication\/unconstitutionality-of-the-church-bill-rene-cortinez\/#breadcrumb","itemListElement":[{"@type":"ListItem","position":1,"name":"Portada","item":"https:\/\/derechoyreligion-uc.urantiacos.cl\/en\/"},{"@type":"ListItem","position":2,"name":"Unconstitutionality of the Churches Bill. Ren\u00e9 Cort\u00ednez."}]},{"@type":"WebSite","@id":"https:\/\/derechoyreligion-uc.urantiacos.cl\/en\/#website","url":"https:\/\/derechoyreligion-uc.urantiacos.cl\/en\/","name":"Centro UC Derecho y Religi\u00f3n","description":"","potentialAction":[{"@type":"SearchAction","target":{"@type":"EntryPoint","urlTemplate":"https:\/\/derechoyreligion-uc.urantiacos.cl\/en\/?s={search_term_string}"},"query-input":{"@type":"PropertyValueSpecification","valueRequired":true,"valueName":"search_term_string"}}],"inLanguage":"en-US"}]}},"_links":{"self":[{"href":"https:\/\/derechoyreligion-uc.urantiacos.cl\/en\/wp-json\/wp\/v2\/publicacion\/872","targetHints":{"allow":["GET"]}}],"collection":[{"href":"https:\/\/derechoyreligion-uc.urantiacos.cl\/en\/wp-json\/wp\/v2\/publicacion"}],"about":[{"href":"https:\/\/derechoyreligion-uc.urantiacos.cl\/en\/wp-json\/wp\/v2\/types\/publicacion"}],"wp:attachment":[{"href":"https:\/\/derechoyreligion-uc.urantiacos.cl\/en\/wp-json\/wp\/v2\/media?parent=872"}],"wp:term":[{"taxonomy":"ano_publicacion","embeddable":true,"href":"https:\/\/derechoyreligion-uc.urantiacos.cl\/en\/wp-json\/wp\/v2\/ano_publicacion?post=872"},{"taxonomy":"autor","embeddable":true,"href":"https:\/\/derechoyreligion-uc.urantiacos.cl\/en\/wp-json\/wp\/v2\/autor?post=872"}],"curies":[{"name":"wp","href":"https:\/\/api.w.org\/{rel}","templated":true}]}}

Unconstitutionality of the Churches Bill. René Cortínez.

<!-- This site is optimized with the Yoast SEO plugin v27.1.1 - https://yoast.com/product/yoast-seo-wordpress/ -->
<title>Unconstitutionality of the Churches Bill. René Cortínez. - Centro UC Derecho y Religión</title>
<meta name="robots" content="index, follow, max-snippet:-1, max-image-preview:large, max-video-preview:-1" />
<link rel="canonical" href="https://derechoyreligion-uc.urantiacos.cl/en/publication/unconstitutionality-of-the-church-bill-rene-cortinez/" />
<meta property="og:locale" content="en_US" />
<meta property="og:type" content="article" />
<meta property="og:title" content="Unconstitutionality of the Churches Bill. René Cortínez. - Centro UC Derecho y Religión" />
<meta property="og:description" content="Analysis of the situation and debate in the Senate regarding the recognition of the status of churches with legal personality. The author attributes current objections and conflicts to deficiencies in the bill rather than to actual tensions between religious denominations." />
<meta property="og:url" content="https://derechoyreligion-uc.urantiacos.cl/en/publication/unconstitutionality-of-the-church-bill-rene-cortinez/" />
<meta property="og:site_name" content="Centro UC Derecho y Religión" />
<meta property="article:modified_time" content="2026-03-08T23:43:31+00:00" />
<meta name="twitter:card" content="summary_large_image" />
<script type="application/ld+json" class="yoast-schema-graph">{"@context":"https://schema.org","@graph":[{"@type":"WebPage","@id":"https://derechoyreligion-uc.urantiacos.cl/en/publication/unconstitutionality-of-the-church-bill-rene-cortinez/","url":"https://derechoyreligion-uc.urantiacos.cl/en/publication/unconstitutionality-of-the-church-bill-rene-cortinez/","name":"Unconstitutionality of the Churches Bill. René Cortínez. - Centro UC Derecho y Religión","isPartOf":{"@id":"https://derechoyreligion-uc.urantiacos.cl/en/#website"},"datePublished":"2025-10-15T03:00:00+00:00","dateModified":"2026-03-08T23:43:31+00:00","breadcrumb":{"@id":"https://derechoyreligion-uc.urantiacos.cl/en/publication/unconstitutionality-of-the-church-bill-rene-cortinez/#breadcrumb"},"inLanguage":"en-US","potentialAction":[{"@type":"ReadAction","target":["https://derechoyreligion-uc.urantiacos.cl/en/publication/unconstitutionality-of-the-church-bill-rene-cortinez/"]}]},{"@type":"BreadcrumbList","@id":"https://derechoyreligion-uc.urantiacos.cl/en/publication/unconstitutionality-of-the-church-bill-rene-cortinez/#breadcrumb","itemListElement":[{"@type":"ListItem","position":1,"name":"Portada","item":"https://derechoyreligion-uc.urantiacos.cl/en/"},{"@type":"ListItem","position":2,"name":"Unconstitutionality of the Churches Bill. René Cortínez."}]},{"@type":"WebSite","@id":"https://derechoyreligion-uc.urantiacos.cl/en/#website","url":"https://derechoyreligion-uc.urantiacos.cl/en/","name":"Centro UC Derecho y Religión","description":"","potentialAction":[{"@type":"SearchAction","target":{"@type":"EntryPoint","urlTemplate":"https://derechoyreligion-uc.urantiacos.cl/en/?s={search_term_string}"},"query-input":{"@type":"PropertyValueSpecification","valueRequired":true,"valueName":"search_term_string"}}],"inLanguage":"en-US"}]}</script>
<!-- / Yoast SEO plugin. -->

Unconstitutionality of the Churches Bill. René Cortínez. - Centro UC Derecho y Religión

Centro UC Derecho y Religión
